- 47 = 0, -5 - 5 = 2*v. Let c be 22*(0/(-1) - (7 - w)). What is the highest common factor of x and c?
22
Suppose z - 16 = -j - 6, 16 = 4*z. Let b be 34/(-3)*j/(-4). Let h(s) = 27*s**2 - 6. Let n be h(2). What is the greatest common factor of n and b?
17
Let m = 23 - 21. Let o be 5/m + (-9)/18. Suppose -4*g + 596 = o*j + 3*j, 0 = 5*g - 3*j - 708. Calculate the highest common factor of 16 and g.
16
Let p = 107 + -56. Let h be 3 - 8 - ((-419)/1 - -6). What is the greatest common divisor of h and p?
51
Let d = 4834 - 3394. Calculate the highest common factor of 64 and d.
32
Let u be (-8)/12 - ((-83)/3 + 1). Suppose u - 40 = -v. Calculate the highest common divisor of 238 and v.
14
Let y(u) = -u + 70. Let p be y(18). Let g(d) = 7 + 6 - 9 + 4*d. Let h be g(0). Calculate the highest common factor of h and p.
4
Let n be (-6)/(-10) - (-72)/30. Suppose 21 = -n*r + 45. Let b = 94 - 38. Calculate the greatest common divisor of r and b.
8
Let b(v) = 2*v + 6. Let u be b(0). Suppose -12 = -6*p - u. Let q be ((-34)/68)/(-1*p/6). What is the highest common divisor of 4 and q?
1
Let f = 430 + 1515. Let q = -1076 + f. What is the greatest common divisor of q and 11?
11
Let f = 1162 - 1066. What is the highest common factor of f and 60?
12
Suppose o + 388 = -0*o. Let u be o/(-16) + 4 + 2/(-8). Let s = 285 - 61. What is the highest common divisor of u and s?
28
Suppose 69 = -3*g - 3*v + 1944, -5*g = 4*v - 3120. What is the highest common factor of 740 and g?
20
Suppose 2*t = -4*s + 4*t + 2182, -5*t - 5 = 0. Let c = -543 + s. Let j = 113 + -75. Calculate the highest common factor of c and j.
2
Let o be 40/56*-6*(-2 - 47). Suppose -y + 2*j + 84 = -2*j, o = 3*y + 2*j. What is the greatest common factor of 54 and y?
18
Let b = 430 - 427. Suppose -b*u + 420 = -3*y, -2*u + 0 = -4*y - 270. What is the highest common divisor of 174 and u?
29
Let s(m) = 2*m**2 - 32*m + 36. Let h be s(-11). What is the highest common divisor of 441 and h?
63
Let t be -15 - (-7)/(119/268923). Calculate the highest common factor of 36 and t.
36
Suppose 3*q - 2*x = 474, -43*q + 38*q + 792 = -4*x. What is the greatest common divisor of q and 96?
12
Let t(w) = w**3 - 9*w**2 + 13*w + 11. Let o be t(5). Let d = -4 - o. What is the greatest common factor of d and 240?
20
Let d = -507 + 1376. What is the greatest common factor of d and 1027?
79
Let x(g) = -10*g + 57. Let w be x(12). Let l = -56 - w. Let i = 2 - 1. Calculate the highest common divisor of l and i.
1
Let p = 2228 + -2200. What is the greatest common factor of p and 12796?
28
Suppose 2*q + 25 - 631 = -3*c, -5*c = 3*q - 908. What is the highest common divisor of q and 4998?
102
Suppose 4*k - 612 = -4*n, 87*n + 310 = 2*k + 85*n. What is the highest common factor of 14 and k?
14
Suppose 4*f + 3*l = 385, 2*l = 5*f - 129 - 381. Let o(w) = -76*w - 1. Let r be o(-1). What is the highest common divisor of f and r?
25
Let r(l) = -6*l - 12. Let w be r(-9). Let c be 1953/70 - (2 - 5)/30. Calculate the greatest common factor of c and w.
14
Let t(n) = 2*n**3 - 10*n**2 + 30*n + 11. Let u be t(3). Let l(a) = a**3 + 4*a**2 - a + 1. Let c be l(-4). What is the greatest common divisor of u and c?
5
Let a be (-52)/(3 + 1 - (-34)/(-8)). Suppose 0 = -34*g + 24*g + 130. What is the highest common divisor of g and a?
13
Let q(a) = -4*a + 5. Let r be q(-7). Let b be ((-396)/(-24))/(12/8). Calculate the highest common divisor of r and b.
11
Let x = 119 - 134. Let p be (95/x + 6)*-279. What is the greatest common factor of p and 62?
31
Suppose -98*a - 4928 = -109*a. What is the highest common divisor of a and 196?
28
Let r be ((-6500)/91)/(-10)*1078. What is the greatest common factor of 42 and r?
14
Let p be -21*(-44)/77*26/6. What is the greatest common divisor of p and 1313?
13
Suppose -x + 1339 = 2*h - 304, 0 = -h. What is the greatest common factor of 93 and x?
31
Let k(f) = 2*f**2 + 21*f + 26. Suppose -23*p = 8*p + 341. Let s be k(p). What is the highest common divisor of 851 and s?
37
Suppose -3*y = -17 - 13. Suppose 5*a + 50 = y*a. Calculate the greatest common divisor of a and 10.
10
Suppose 2182 = 4*z - 3*b, 14*z + 2756 = 19*z + b. What is the greatest common factor of 200 and z?
50
Let y = 60 + -67. Let k be 240/42 + -6 + (-275)/y. Suppose 3*f = -0*f + k. What is the highest common factor of 13 and f?
13
Let a be 1/((6/(-91))/(-6)). Suppose 0 = -8*w + 69 + a. Let q = 8 - -2. Calculate the greatest common factor of w and q.
10
Suppose 0 = 7*f - 29 + 1. Suppose -3*q + f*g = -247, -3*g = 3*q - 2*q - 78. What is the highest common factor of q and 9?
9
Let u = -262 - -255. Let j be 5 + (-132)/28 + (-33)/u. What is the highest common divisor of j and 10?
5
Let p = 4709 + -4331. What is the highest common divisor of 1728 and p?
54
Let f(g) = -49*g - 21. Let q be f(-9). Suppose -15*t = -17*t + q. Let y = -125 + t. Calculate the greatest common factor of y and 34.
17
Suppose 5*f + 5*g = 154900, -2474*f + g + 123920 = -2470*f. Calculate the greatest common factor of f and 20.
20
Let f = 35577 + -35512. Let z be 10/(-2*(-2)/4). Calculate the greatest common factor of z and f.
5
Let h = -18774 + 18886. Calculate the greatest common divisor of 2632 and h.
56
Let r(k) = 78*k + 2987. Let h be r(44). What is the greatest common factor of h and 131?
131
Suppose -4*d + 10 = -z - 59, 3*z + 15 = 0. Let u = 176 - d. Calculate the highest common factor of u and 144.
16
Let q(t) be the second derivative of 5*t**3/6 + 13*t**2/2 - 6*t. Let p be q(9). Suppose 12 = d - p. What is the highest common factor of d and 10?
10
Suppose 0 = 520*o - 519*o + 30. Let c be 5*(-36)/o + 170. Suppose w - 4*x - 32 = 0, -3*x - x = 5*w - 64. Calculate the highest common divisor of c and w.
16
Suppose 4610 = 327*a - 35*a - 1230. Calculate the greatest common factor of 1308 and a.
4
Let g = 8 + 1. Suppose 0 = d + g - 12. Suppose 0 = 8*o - d*o - 85. What is the highest common divisor of 119 and o?
17
Let o = -83 + 125. Let x = -510 - -513. Suppose -q + 5 = 3*p - 2, 4*q = -x*p + 28. Calculate the greatest common divisor of q and o.
7
Let x be 60 + -1 + (18 - 26). Calculate the greatest common divisor of 15 and x.
3
Suppose 4590 = 2197*u - 2146*u. Suppose -2*s + s = -20. Calculate the greatest common factor of s and u.
10
Suppose 467*g - 1007 = 448*g. What is the greatest common divisor of 1007 and g?
53
Let t = 52 - 33. Let q(z) = -z**2 + 22*z - 73. Let b be q(17). Suppose -20*y + b = -t*y. What is the greatest common divisor of y and 108?
12
Suppose -4*x - 4*g + 156 = 0, 274*x - 277*x + 2*g + 127 = 0. Let p = -818 - -1351. Calculate the highest common divisor of p and x.
41
Let p = 50 + -44. Suppose 0 = -7*u + p*u + 2. Suppose -u*b = -2*n + 4, -2*b - 2*b = 2*n - 4. Calculate the greatest common divisor of 4 and n.
2
Suppose -10*c - 420 = -1300. Let o be (c/20 - 4)/((-5)/(-125)). Calculate the greatest common divisor of 105 and o.
5
Let u = -1322 - -5409. Calculate the greatest common factor of u and 122.
61
Let h = -639 + 1171. Let g be (469/(-35) + 5)*10/(-3). What is the greatest common factor of h and g?
28
Suppose 3*r = p - 4, -2*r + 3*r + p = 4. Suppose -4*l = 0, r*v + 114 = 3*v + l. What is the highest common factor of 95 and v?
19
Suppose 4*s = -3*d - 150 + 275, s + 3*d = 29. Let p be (0 + -3)/((-6)/80). Calculate the highest common factor of s and p.
8
Let z be (1 - -2)/(-25*(-3)/5200). Calculate the highest common factor of z and 26624.
208
Suppose 3*g = -0*l + l, 3*l + 3*g + 12 = 0. Let k be 58 + (1 - (l + 5)). Let p be ((-38)/10 - -3)*190/(-4). What is the greatest common divisor of k and p?
19
Let k(y) = -35*y - 112. Suppose -11*c = 49 + 50. Let a be k(c). What is the greatest common factor of a and 29?
29
Let w(s) = s**3 + 18*s**2 - 17*s + 48. Let t be w(11). What is the highest common divisor of t and 5?
5
Let k = -8804 - -8807. What is the greatest common divisor of k and 1479?
3
Let n be (5 - 6)/(10/(-15)*(-9)/(-1566)). Calculate the greatest common divisor of n and 1089.
9
Let m be (105*(-111)/(-370))/(2/(-4)*-1). What is the greatest common divisor of 1872 and m?
9
Let r(j) = j - 8. Suppose 0 = 5*i - 582 - 128. Suppose i + 38 = 9*u. Let o be r(u). Calculate the highest common factor of 3 and o.
3
Suppose u + 3*i + 4 = 2*u, u = -2*i - 1. Let y(g) = -3*g + 1. Let j be y(-1). Su